. Let b(o) = -o**2 + o. Let v(m) = -2*m**2 + 2*m. Let g(d) = -5*b(d) + 2*v(d). Determine g(x).
2
Let o(q) = -q**2. Let c(z) = z - 1. Let w be c(-16). Let x = w - -20. Calculate o(x).
-9
Suppose -17*u + 22*u - 5*k = -10, 0 = -2*u + 3*k - 1. Let d(x) = -x**2 - 8*x - 9. Determine d(u).
6
Let x be (6 + -9)*2*-1. Let i = -8 + x. Let r(l) = -l**2 + 1. What is r(i)?
-3
Let p(y) = -y + 3. Let s = -10 + 6. Let u(g) = g**3 + g**2 + g + 8. Let r be u(0). Let x = s + r. Calculate p(x).
-1
Suppose 75*a - 76*a = 7. Let v(w) = w**2 + 8*w + 6. What is v(a)?
-1
Let y(p) be the second derivative of -1/6*p**3 + p**2 + 11*p + 0. What is y(-2)?
4
Let m(f) = -f**3 - 3*f**2 - 3*f. Let b be (4 + -3)/((-6)/36). Let k be (-6)/(-9)*b + 2. What is m(k)?
2
Let d(g) be the first derivative of g**4/4 - 7*g**3/3 + 7*g**2/2 + g - 9. Give d(5).
-14
Let m(v) = v + 15. Let q be m(-19). Let p be (-2)/9 - -38*q/(-36). Let w(x) = -x + 4. What is w(p)?
0
Let p(z) = -z**2 - 3*z + 1. Suppose 75 = 5*l - 3*j, 0*j - 3*j - 51 = -3*l. Suppose 2*i = m - l, -21 = 3*m - m + 5*i. Give p(m).
-9
Suppose -52 = -13*r - 0*r. Let i(n) = -n**3 + 3*n**2 + 5*n - 3. What is i(r)?
1
Let f = 80 - 66. Let j(v) = -24*v + 2 + f*v + 11*v. Determine j(8).
10
Let w be (-312)/30 - (-4)/10. Let x(o) = 11 - 3*o + 4*o + o**3 - 2*o**2 + 2*o**2 + 10*o**2. Let r be x(w). Let a(l) = -4*l**3 + l**2. Give a(r).
-3
Let r be (2 + 32/(-4))/(-2). Let o(j) = 2*j**3 - 5*j**2 + 2*j + 2. What is o(r)?
17
Let h(s) = -s**3 + 5*s**2 - 3*s + 1. Let i be h(2). Suppose 3*z - 32 = p, 2*z + 16 = 3*z + 5*p. Let t = z - i. Let l(m) = -m + 2. Calculate l(t).
-2
Let j = 6 - 2. Let h(z) = j*z - 2*z + 1 + z - 2*z. Let u(w) = w**3 - w**2 - 2. Let x be u(2). Give h(x).
3
Let l(n) be the third derivative of n**6/120 - n**5/10 - n**3/3 + 30*n**2 + 1. Give l(6).
-2
Suppose -7*d = -0*d + 35. Let j = 6 - -1. Let z(s) = -8*s**2 + 2*s + 12. Let x(q) = 7*q**2 - q - 11. Let a(y) = j*x(y) + 6*z(y). Calculate a(d).
-5
Let w(l) = 7*l**2 - 35*l + 5. Let k be w(5). Let i(x) = -x**2 + 6*x + 3. What is i(k)?
8
Suppose 3*k + 26 = 5*p + 142, 3*p = -5*k - 56. Let n = p - -25. Let w(y) = -5 + y**2 - 10*y - y**2 - y**2 + n*y. Calculate w(-4).
7
Let x(w) be the first derivative of w**5/120 - 7*w**4/24 - 14*w**3/3 + 18. Let g(y) be the third derivative of x(y). Give g(0).
-7
Let f(j) be the second derivative of -j**4/12 - 5*j**3/2 + 8*j**2 - 931*j. Calculate f(-15).
16
Let i(q) = -q**3 + 6*q**2 + 8*q - 3. Let z(v) = v**3 - 22*v**2 - 76*v + 32. Let s be z(25). Calculate i(s).
4
Let w = 39 - 35. Let z(s) be the first derivative of 3*s**2/2 - 2*s + 6. What is z(w)?
10
Let s(h) = -h - 1. Let n(j) = j + 1. Let t(a) = 4*n(a) + 5*s(a). Let f = 12 + -12. Let k be t(f). Let w(o) = -o**2 + 2*o + 1. Calculate w(k).
-2
Let a(s) = -s**3 - 8*s**2 - 2*s - 20. Suppose 0 = -2*q + 2*x - 22, 38 + 3 = -4*q + 3*x. What is a(q)?
-4
Let b(r) be the third derivative of r**6/120 - r**5/12 + r**4/12 - r**3/6 - 2*r**2. Let t = -32 + 38. Suppose 0 = -5*g + 3*g + t. Determine b(g).
-13
Let w(n) = -3*n**3 - 5*n**2 - 4*n - 4. Let k(i) = 16*i**3 + 25*i**2 + 19*i + 21. Let d(o) = -2*k(o) - 11*w(o). Determine d(-4).
-6
Let u = 269 + 14. Let b(g) = 6*g + 280*g**2 - 3*g - u*g**2 - 2*g. Determine b(-1).
-4
Let b = -20 + 20. Suppose b = -7*u + 5*u. Let q(d) = 5*d + u*d + 2 - 5 - d**2 - 2*d. Calculate q(2).
-1
Let z(c) be the first derivative of -c**2 + c - 21 - 4*c + 2*c + 0*c**2. Give z(-3).
5
Let n(g) = -g**2 - 2*g - 2. Let z = -24 + 24. Suppose -2*r + 4*o + 12 = 0, z = -0*o - 3*o - 9. Suppose r = -2*t + 4 - 10. Give n(t).
-5
Let n be -7 + (-2 + 1 - -2). Let k = 6 + n. Let a(u) = -2 - 2 + u**3 + 12. What is a(k)?
8
Let y(n) = 5*n - n - n + n**2 - 1. Let d(h) = 3*h**3 - 10*h - 9. Let r be d(-1). Calculate y(r).
-3
Let i be ((-42)/35)/(-1)*(-2 - -7). Let k(o) = o**3 - 5*o**2 - 5*o + 2. Calculate k(i).
8
Suppose 3*k - 20 = -k - 4*p, 2*k - 4*p = -20. Let t(m) = 2*m + 2 - 3*m + m**3 + 606*m**2 - 607*m**2. What is t(k)?
2
Let t(j) = -6*j - 3 + j + 4 + 2*j. Determine t(4).
-11
Let z(v) = 1 - 2*v**2 - 37*v + 38*v + 1 - v**3. Let c = 1 + -3. Let t(s) = 2*s + 2. Let h be t(c). What is z(h)?
0
Let q be 6/5*(-5)/(-1). Let j = 63 + 7. Let m(l) = -62 + j - 4*l + 3*l. Give m(q).
2
Let n(k) = -k**3 + 5*k**2 + 3*k + 22. Let z be n(6). Let a(i) be the second derivative of 0 - i**3 - 1/12*i**z + 5*i - i**2. Give a(-6).
-2
Let u(v) be the first derivative of 3*v**4/4 + v**3/3 - v + 298. Give u(1).
3
Let d be (2 + 2 + -3)*3. Suppose d*m = -k + 16, m + 3*k - 20 = -k. Let x(b) = 3*b - 4. Determine x(m).
8
Suppose 3*k = -3*c + 15, -3 = 4*c - 2*k - 5. Let l be -8 + 0/(-1) + c. Let d(g) = -g**2 - 7*g - 5. What is d(l)?
1
Let k(z) = z**2 - 2*z - 1. Suppose 68*w - 65*w = -9. Determine k(w).
14
Suppose -1 = -l + 3*s - 7*s, -l - 5*s - 3 = 0. Let k = l + -10. Suppose y + k = 1. Let o(z) = -z**3 - 7*z**2 - 5*z + 5. What is o(y)?
-1
Let o be (25/20)/(0 - 4/32). Let n be 12/o*(-25)/(-10). Let y(k) = -k**2 - 4*k - 2. Give y(n).
1
Let w(m) = 3*m**2 - 5*m + 7*m + 1 - 4*m**2 + 5. Calculate w(5).
-9
Let k(l) = 0*l**3 + l - 3*l + 18377 - 18375 + l**3 - 3*l**3. Give k(1).
-2
Let m(s) = -s**2 + 5*s + 5. Suppose 3*g = -g + 100. Suppose 4*d - g = -k, k - 19 = -2*d - d. Calculate m(d).
-1
Let g(a) = -3*a**3 + 1 - 2*a**2 + a**3 - a**3. Let f(v) = 3*v - 19. Let w be f(8). Suppose 5*t = -0*t - w. Determine g(t).
2
Let i(p) be the third derivative of -p**4/2 + 25*p**2 - 8*p. What is i(-1)?
12
Let x(v) be the second derivative of -v**5/40 - v**4/24 + 43*v**3/6 + 5*v + 3. Let t(f) be the second derivative of x(f). Determine t(2).
-7
Suppose -60 = 3*a + 3*a. Let j be (a + 11)*(11 + 0). Suppose 5*n - 2*v = -11, n - 5*v + 5 = -j. Let b(w) = -5*w. Determine b(n).
5
Let s be ((-1)/2)/((-2)/4). Suppose 16 = 4*a, 0*f = -4*f - 5*a + 32. Let r(n) = 3 + 1 - f + 4*n. Determine r(s).
5
Let u(x) = -1 + 3 - x - 2 + 10*x**2. Suppose -5*a + 10 + 0 = 0. Let o(f) = -f**2 + 4*f - 5. Let y be o(a). Give u(y).
11
Let z(s) = -2*s**2 + 1. Let k = -4 + 3. Let i be (-15)/k*8/10. Let q = -13 + i. What is z(q)?
-1
Let z(f) be the second derivative of -f**4/12 - 8*f**3/3 - 6*f**2 - 136*f. Determine z(-14).
16
Let w(d) = d**3 - 7*d**2 - 10*d - 2. Suppose -10*q + 130 = 50. Give w(q).
-18
Let q(t) = t**2 - 22*t + 33. Let i(o) = o**3 + 8*o**2 - 5*o + 57. Let j be i(-9). Determine q(j).
12
Let k(s) = -2*s. Let o(n) = -20*n + 7. Let c(i) = 8*k(i) - o(i). Suppose -5*j - 6 = -31. Give c(j).
13
Let q be (-160 + 10)*(1 + -2 + 0). Let l = q + -155. Let w(n) = -n**2 - 4*n - 2. Calculate w(l).
-7
Suppose -j = -3*g + 1, 2*j + 2*j + 2*g - 10 = 0. Let l(u) = 7*u - 1. Let x be l(j). Let q = -16 + x. Let z(d) = -d**3 - 2*d**2 + d + 1. Give z(q).
7
Let w(s) = 4*s + 111. Let y be w(-26). Let k(z) = z - 2. Give k(y).
5
Let i(f) be the second derivative of -5*f - 5/12*f**4 - 5/2*f**2 + 0 + 1/3*f**3. Let q(z) = -11*z**2 + 4*z - 11. Let g(y) = -9*i(y) + 4*q(y). What is g(1)?
0
Let o(c) = -c + 7. Let p = 60 - 56. Let k be (-3)/p*-4 - 0. Give o(k).
4
Let i(h) = h**3 + h**2 + 1. Suppose -8*m - m = 18. What is i(m)?
-3
Suppose -3*a = -2*a. Let f = 5 + a. Let o(r) = 1 + 4 - 4 - 3 + r. What is o(f)?
3
Let s(q) = 3*q + 56. Let g be s(-24). Let l(a) = -a**3 - 16*a**2 - a + 6. Calculate l(g).
22
Let m(x) = x**3 - 3*x**2 - 5*x + 5. Let w(o) = o**2 - 7*o + 4. Let t be w(7). Let d = 1 + t. Suppose 0*c + 5*p - 21 = c, 0 = d*c + 2*p - 30. Determine m(c).
1
Let y = 80 + -74. Let g(m) be the third derivative of m**4/12 - 3*m**3/2 + 2*m**2. Calculate g(y).
3
Let h(s) = s**3 + 18*s**2 + 18*s + 19. Let p be h(-17). Suppose p*g = -g. Let l(a) = -a + 8. What is l(g)?
8
Let t(l) = -l + 2. Let x be (-228)/(-38) - (-18)/(-2). What is t(x)?
5
Let x be (-2 - 0)*(-18)/4 - -2. Suppose -x*q = -17*q. Let i(l) = -l**3 + 16. Determine i(q).
16
Let x(w) = 2*w - 26. Let q be x(13). Suppose 5*d + p = -2*p - 18, q = -2*d - 4*p + 4. Let g(b) = 3 - 2 + 1 - b. Calculate g(d).
8
Let a(r) = -31*r - 10. Let h(x) = 22*x + 6. Let p(b) = -5*a(b) - 7*h(b). Determine p(-9).
-1
Suppose 2*u + 33 = 49. Let r(o) = o**3 - 9*o**2 + 11*o - 9. Give r(u).
15
Let u(w) = -w**3 - 2*w**2 + 3. Let j be u(-2). Suppose -j*h + 1 + 8 = 0. Let q(y) = -4*y + 3. What is q(h)?
-9
Let a(l) be the second derivative of l**5/20 + l**4/3 - l**3/6 + 23*l**2/2 + 898*l. Cal